{"id":686,"date":"2015-04-02T17:23:28","date_gmt":"2015-04-02T17:23:28","guid":{"rendered":"http:\/\/habitat.servus.at\/?page_id=686"},"modified":"2026-04-09T06:27:48","modified_gmt":"2026-04-09T06:27:48","slug":"habitaterinnen","status":"publish","type":"page","link":"https:\/\/habitat.servus.at\/?page_id=686","title":{"rendered":"Unsere Projekte"},"content":{"rendered":"<h2>Unsere habiT\u00c4TER*innen von A-Z<\/h2>\n<p>habiTAT ist ein solidarischer Dachverbund, der 2014 nach dem Vorbild des <a href=\"https:\/\/www.syndikat.org\/der-projektverbund\/\" target=\"_blank\" rel=\"noopener\">Mietsh\u00e4user Syndikat<\/a> gegr\u00fcndet wurde. 2015 entstand mit Willy*Fred das erstes habiTAT-Hausprojekt. Seitemdem w\u00e4chst unser Verbund stetig. Mitglieder im Verein sind schon realisierte Hausprojekte, Initiativen in der Konzeptionsphase, nach einer Immobilie suchende Mitgliedsvereine und interessierte Einzelpersonen.<\/p>\n<h3><a href=\"https:\/\/habitat.servus.at\/?page_id=1352\">Autonome Wohnfabrik<\/a><\/h3>\n<p><a href=\"https:\/\/wohnfabrik.at\/\" target=\"_blank\" rel=\"noopener\">www.wohnfabrik.at<\/a><\/p>\n<h3><a href=\"https:\/\/habitat.servus.at\/?page_id=1360\">Bikes and Rails<\/a><\/h3>\n<p><a href=\"https:\/\/www.bikesandrails.org\/wp\/\" target=\"_blank\" rel=\"noopener\">www.bikesandrails.org<\/a><\/p>\n<h3><a href=\"https:\/\/habitat.servus.at\/?page_id=1930\">3er Hof<\/a><\/h3>\n<p><a href=\"https:\/\/3er.h0f.at\/\" target=\"_blank\" rel=\"noopener\">www3er.h0f.at<\/a><\/p>\n<h3><a href=\"https:\/\/habitat.servus.at\/?page_id=1329\">Die Brennessel<\/a><\/h3>\n<p><a href=\"https:\/\/brennnessel.org\/\" target=\"_blank\" rel=\"noopener\">www.brennnessel.org<\/a><\/p>\n<h3><a href=\"https:\/\/habitat.servus.at\/?page_id=1932\">GeWiK<\/a><\/h3>\n<p><a href=\"http:\/\/www.gewik.at\" target=\"_blank\" rel=\"noopener\">www.gewik.at<\/a><\/p>\n<h3><a href=\"https:\/\/habitat.servus.at\/?page_id=2054\">GUT \u00dcBERDACHT<\/a><\/h3>\n<p><a href=\"http:\/\/www.gut-ueberdacht.at\">www.gut-ueberdacht.at<\/a><\/p>\n<h3><a href=\"https:\/\/habitat.servus.at\/?page_id=1928\">Hanna Sturm Haus<\/a><\/h3>\n<h3><a href=\"https:\/\/habitat.servus.at\/?page_id=1809\">Johanna Wagner Haus<\/a><\/h3>\n<h3><a href=\"https:\/\/habitat.servus.at\/?page_id=1649\">Living For Future<\/a><\/h3>\n<p><a href=\"https:\/\/livingforfuture.org\/\" target=\"_blank\" rel=\"noopener\">www.livingforfuture.org<\/a><\/p>\n<h3><a href=\"https:\/\/habitat.servus.at\/?page_id=1190\">SchloR &#8211; Sch\u00f6ner Leben ohne Rendite<\/a><\/h3>\n<p><a href=\"http:\/\/www.schlor.org\" target=\"_blank\" rel=\"noopener\">www.schlor.org<\/a><\/p>\n<h3><a href=\"https:\/\/habitat.servus.at\/?page_id=756\">Willy*Fred<\/a><\/h3>\n<p><a href=\"https:\/\/www.willy-fred.org\/\" target=\"_blank\" rel=\"noopener\">www.willy-fred.org<\/a><\/p>\n<h3><a href=\"https:\/\/habitat.servus.at\/?page_id=1832\">Wohnstrudel<\/a><\/h3>\n<p><a href=\"http:\/\/www.wohnstrudel.org\" target=\"_blank\" rel=\"noopener\">www.wohnstrudel.org<\/a><\/p>\n","protected":false},"excerpt":{"rendered":"<p>Unsere habiT\u00c4TER*innen von A-Z habiTAT ist ein solidarischer Dachverbund, der 2014 nach dem Vorbild des Mietsh\u00e4user Syndikat gegr\u00fcndet wurde. 2015 entstand mit Willy*Fred das erstes habiTAT-Hausprojekt. Seitemdem w\u00e4chst unser Verbund stetig. Mitglieder im Verein sind schon realisierte Hausprojekte, Initiativen in der Konzeptionsphase, nach einer Immobilie suchende Mitgliedsvereine und interessierte Einzelpersonen. Autonome Wohnfabrik www.wohnfabrik.at Bikes and [&hellip;]<\/p>\n","protected":false},"author":1,"featured_media":0,"parent":0,"menu_order":0,"comment_status":"closed","ping_status":"closed","template":"","meta":{"ngg_post_thumbnail":0,"footnotes":""},"_links":{"self":[{"href":"https:\/\/habitat.servus.at\/index.php?rest_route=\/wp\/v2\/pages\/686"}],"collection":[{"href":"https:\/\/habitat.servus.at\/index.php?rest_route=\/wp\/v2\/pages"}],"about":[{"href":"https:\/\/habitat.servus.at\/index.php?rest_route=\/wp\/v2\/types\/page"}],"author":[{"embeddable":true,"href":"https:\/\/habitat.servus.at\/index.php?rest_route=\/wp\/v2\/users\/1"}],"replies":[{"embeddable":true,"href":"https:\/\/habitat.servus.at\/index.php?rest_route=%2Fwp%2Fv2%2Fcomments&post=686"}],"version-history":[{"count":75,"href":"https:\/\/habitat.servus.at\/index.php?rest_route=\/wp\/v2\/pages\/686\/revisions"}],"predecessor-version":[{"id":2061,"href":"https:\/\/habitat.servus.at\/index.php?rest_route=\/wp\/v2\/pages\/686\/revisions\/2061"}],"wp:attachment":[{"href":"https:\/\/habitat.servus.at\/index.php?rest_route=%2Fwp%2Fv2%2Fmedia&parent=686"}],"curies":[{"name":"wp","href":"https:\/\/api.w.org\/{rel}","templated":true}]}}