{"id":283,"date":"2014-06-06T22:21:20","date_gmt":"2014-06-06T22:21:20","guid":{"rendered":"http:\/\/habitat.servus.at\/?page_id=283"},"modified":"2015-09-17T15:23:58","modified_gmt":"2015-09-17T15:23:58","slug":"materialien","status":"publish","type":"page","link":"https:\/\/habitat.servus.at\/?page_id=283","title":{"rendered":"Materialien"},"content":{"rendered":"<h1>Pr\u00e4sentation&gt;&gt; T\u00e4tigkeitsbericht 2014<\/h1>\n<p><a href=\"http:\/\/habitat.servus.at\/wp-content\/uploads\/habitat_t\u00e4tigkeitsbericht_2014_pr\u00e4sentation.pdf\" target=\"_blank\">habitat_t\u00e4tigkeitsbericht_2014_pr\u00e4sentation<\/a><\/p>\n<h1>Folder&gt;&gt; &#8220;Vivir la Utiopia!&#8221;<\/h1>\n<p><a href=\"http:\/\/habitat.servus.at\/wp-content\/uploads\/ProgrammheftVivir.pdf\" target=\"_blank\">Programmheft_VivirlaUtopia<\/a><\/p>\n<h1>InfoBLATT&gt;&gt; HabiTAT<\/h1>\n<p><a href=\"http:\/\/habitat.servus.at\/wp-content\/uploads\/habiTAT_infoBLATT.pdf\" target=\"_blank\">habiTAT_infoBLATT<\/a><\/p>\n<p>&nbsp;<\/p>\n","protected":false},"excerpt":{"rendered":"<p>Pr\u00e4sentation&gt;&gt; T\u00e4tigkeitsbericht 2014 habitat_t\u00e4tigkeitsbericht_2014_pr\u00e4sentation Folder&gt;&gt; &#8220;Vivir la Utiopia!&#8221; Programmheft_VivirlaUtopia InfoBLATT&gt;&gt; HabiTAT habiTAT_infoBLATT &nbsp;<\/p>\n","protected":false},"author":1,"featured_media":0,"parent":0,"menu_order":0,"comment_status":"closed","ping_status":"closed","template":"","meta":{"ngg_post_thumbnail":0,"footnotes":""},"_links":{"self":[{"href":"https:\/\/habitat.servus.at\/index.php?rest_route=\/wp\/v2\/pages\/283"}],"collection":[{"href":"https:\/\/habitat.servus.at\/index.php?rest_route=\/wp\/v2\/pages"}],"about":[{"href":"https:\/\/habitat.servus.at\/index.php?rest_route=\/wp\/v2\/types\/page"}],"author":[{"embeddable":true,"href":"https:\/\/habitat.servus.at\/index.php?rest_route=\/wp\/v2\/users\/1"}],"replies":[{"embeddable":true,"href":"https:\/\/habitat.servus.at\/index.php?rest_route=%2Fwp%2Fv2%2Fcomments&post=283"}],"version-history":[{"count":12,"href":"https:\/\/habitat.servus.at\/index.php?rest_route=\/wp\/v2\/pages\/283\/revisions"}],"predecessor-version":[{"id":1115,"href":"https:\/\/habitat.servus.at\/index.php?rest_route=\/wp\/v2\/pages\/283\/revisions\/1115"}],"wp:attachment":[{"href":"https:\/\/habitat.servus.at\/index.php?rest_route=%2Fwp%2Fv2%2Fmedia&parent=283"}],"curies":[{"name":"wp","href":"https:\/\/api.w.org\/{rel}","templated":true}]}}