{"id":1832,"date":"2024-06-15T15:02:22","date_gmt":"2024-06-15T15:02:22","guid":{"rendered":"https:\/\/habitat.servus.at\/?page_id=1832"},"modified":"2024-07-05T16:28:19","modified_gmt":"2024-07-05T16:28:19","slug":"wohnstrudel","status":"publish","type":"page","link":"https:\/\/habitat.servus.at\/?page_id=1832","title":{"rendered":"wohnstrudel"},"content":{"rendered":"<h2><a href=\"https:\/\/habitat.servus.at\/wp-content\/uploads\/collage-castello-v2.png\"><img loading=\"lazy\" decoding=\"async\" class=\"aligncenter  wp-image-1833\" src=\"https:\/\/habitat.servus.at\/wp-content\/uploads\/collage-castello-v2-2000x1652.png\" alt=\"\" width=\"507\" height=\"419\" srcset=\"https:\/\/habitat.servus.at\/wp-content\/uploads\/collage-castello-v2-2000x1652.png 2000w, https:\/\/habitat.servus.at\/wp-content\/uploads\/collage-castello-v2-300x248.png 300w, https:\/\/habitat.servus.at\/wp-content\/uploads\/collage-castello-v2-150x124.png 150w, https:\/\/habitat.servus.at\/wp-content\/uploads\/collage-castello-v2-768x634.png 768w, https:\/\/habitat.servus.at\/wp-content\/uploads\/collage-castello-v2-1536x1269.png 1536w, https:\/\/habitat.servus.at\/wp-content\/uploads\/collage-castello-v2-2048x1692.png 2048w, https:\/\/habitat.servus.at\/wp-content\/uploads\/collage-castello-v2-1000x826.png 1000w\" sizes=\"(max-width: 507px) 100vw, 507px\" \/><\/a><br \/>\nKontakt<\/h2>\n<p>Website: <a href=\"http:\/\/www.wohnstrudel.org\">www.wohnstrudel.org<\/a><br \/>\nMail: <a href=\"mailto:hallo@wohnstrudel.org\">hallo@wohnstrudel.org<\/a><br \/>\nInstagram: <a href=\"https:\/\/www.instagram.com\/wohnstrudel\/\">@wohnstrudel<\/a><br \/>\nFacebook: <a href=\"https:\/\/www.facebook.com\/profile.php?id=61559502036142\">@wohnstrudel<\/a><br \/>\nNewsletter: <a href=\"http:\/\/eepurl.com\/iRHjoA\">Ich mag Post bekommen!<\/a><\/p>\n<h2>Hintergrund<\/h2>\n<p><span style=\"font-weight: 400;\">Den wohnstrudel gibt es seit 2021, vereint von der Vision, ein <strong>selbstverwaltetes, nachhaltiges und solidarisches Wohnprojekt<\/strong> zu schaffen. Es soll <strong>\u00fcber Generationen hinweg leistbaren Wohnraum<\/strong> durch <strong>kollektives Eigentum<\/strong> erm\u00f6glichen. Wir haben jetzt die Chance, unsere Traumimmobilie zu kaufen und suchen daf\u00fcr noch <strong>Unterst\u00fctzung durch Direktkredite<\/strong>. Super angebunden an Wien durch eine halbst\u00fcndige \u00d6ffi-Fahrt steht unser Haus, ein Kastell, umrahmt von einem wundersch\u00f6nen historischen Wald im nieder\u00f6sterreichischen Ort Sch\u00f6nau an der Triesting. Mit eurer Hilfe wollen wir es als leistbaren <strong>Wohnraum gemeinsam mit dem habiTAT langfristig dem Markt und der Spekulation<\/strong> entziehen.&nbsp;<\/span><\/p>\n<p><span style=\"font-weight: 400;\"><strong>An diesem Platz, wollen wir folgendes verwirklichen:<\/strong><br \/>\n<\/span><span style=\"font-weight: 400;\"><strong>Ort der Geschichte:<\/strong> Nutzen und Beleben von Altbestand.<br \/>\n<\/span><span style=\"font-weight: 400;\"><strong>Ort der Generationen:<\/strong> Attraktiver Wohn- und Lebensraum f\u00fcr Jung bis Alt.<br \/>\n<\/span><span style=\"font-weight: 400;\"><strong>Ort der Gemeinschaft:<\/strong> Im Fokus steht die sinnstiftende Nutzung gemeinschaftlicher Fl\u00e4chen. Wir planen eine Foodcoop, Kreativr\u00e4ume, einen Co-Working-Space und vieles mehr!<br \/>\n<\/span><span style=\"font-weight: 400;\"><strong>Ort der Begegnung:<\/strong> F\u00fcr kleine oder gro\u00dfe Veranstaltungen, offene T\u00fcren f\u00fcr Nachbar:innen, Interessierte und G\u00e4ste.<br \/>\n<\/span><span style=\"font-weight: 400;\"><strong>Ort der Erholung:<\/strong> Ein historisches Schl\u00f6sschen umgeben von Wald und Garten. <\/span><span style=\"font-weight: 400;\">Kurzum, wollen wir zukunftsf\u00e4higes Wohnen sicherstellen!<\/span><\/p>\n<p><span style=\"font-weight: 400;\">Dir schmeckt gemeinschaftliches Wohnen auch so gut? Du bist neugierig, wie das ganz genau abl\u00e4uft beim Wohnstrudel? Du hast Fragen zu den Direktkrediten? Oder m\u00f6chtest uns Fanpost hinterlassen?&nbsp;<\/span><strong>Dann kannst du uns unter den Kontaktm\u00f6glichkeiten oben erreichen.<br \/>\n<\/strong><\/p>\n","protected":false},"excerpt":{"rendered":"<p>Kontakt Website: www.wohnstrudel.org Mail: hallo@wohnstrudel.org Instagram: @wohnstrudel Facebook: @wohnstrudel Newsletter: Ich mag Post bekommen! Hintergrund Den wohnstrudel gibt es seit 2021, vereint von der Vision, ein selbstverwaltetes, nachhaltiges und solidarisches Wohnprojekt zu schaffen. Es soll \u00fcber Generationen hinweg leistbaren Wohnraum durch kollektives Eigentum erm\u00f6glichen. Wir haben jetzt die Chance, unsere Traumimmobilie zu kaufen und suchen [&hellip;]<\/p>\n","protected":false},"author":1,"featured_media":0,"parent":0,"menu_order":6,"comment_status":"closed","ping_status":"closed","template":"","meta":{"ngg_post_thumbnail":0,"footnotes":""},"_links":{"self":[{"href":"https:\/\/habitat.servus.at\/index.php?rest_route=\/wp\/v2\/pages\/1832"}],"collection":[{"href":"https:\/\/habitat.servus.at\/index.php?rest_route=\/wp\/v2\/pages"}],"about":[{"href":"https:\/\/habitat.servus.at\/index.php?rest_route=\/wp\/v2\/types\/page"}],"author":[{"embeddable":true,"href":"https:\/\/habitat.servus.at\/index.php?rest_route=\/wp\/v2\/users\/1"}],"replies":[{"embeddable":true,"href":"https:\/\/habitat.servus.at\/index.php?rest_route=%2Fwp%2Fv2%2Fcomments&post=1832"}],"version-history":[{"count":10,"href":"https:\/\/habitat.servus.at\/index.php?rest_route=\/wp\/v2\/pages\/1832\/revisions"}],"predecessor-version":[{"id":1984,"href":"https:\/\/habitat.servus.at\/index.php?rest_route=\/wp\/v2\/pages\/1832\/revisions\/1984"}],"wp:attachment":[{"href":"https:\/\/habitat.servus.at\/index.php?rest_route=%2Fwp%2Fv2%2Fmedia&parent=1832"}],"curies":[{"name":"wp","href":"https:\/\/api.w.org\/{rel}","templated":true}]}}