{"id":1649,"date":"2021-09-20T15:17:01","date_gmt":"2021-09-20T15:17:01","guid":{"rendered":"http:\/\/habitat.servus.at\/?page_id=1649"},"modified":"2024-06-18T09:59:11","modified_gmt":"2024-06-18T09:59:11","slug":"living-for-future","status":"publish","type":"page","link":"https:\/\/habitat.servus.at\/?page_id=1649","title":{"rendered":"Living For Future"},"content":{"rendered":"<h2>Kontakt<\/h2>\n<p>Adresse: H\u00fctteldorfer Str. 273, Felbigergasse 102, 1140 Wien<\/p>\n<p>Website: <a href=\"http:\/\/livingforfuture.org\" target=\"_blank\" rel=\"noopener\">www.livingforfuture.org<\/a><\/p>\n<p>Email: <a href=\"mailto:info@livingforfuture.org\">info@<em>livingforfuture<\/em>.org<\/a><\/p>\n<h2>Hintergrund<\/h2>\n<p><a href=\"http:\/\/livingforfuture.org\" target=\"_blank\" rel=\"noopener\">LIVING FOR FUTURE<\/a> hat sich zum Ziel gesetzt, Wohnen als aktive T\u00e4tigkeit zu praktizieren und gemeinsam neue Formen des Zusammenlebens zu entwickeln.<\/p>\n<p>Durch eine klimagerechte Bauweise und ein bewusstes Wohnverhalten, das sich an die Jahreszeiten anpasst, m\u00f6chten wir einen nachhaltigen Beitrag f\u00fcr die Zukunft leisten.<br \/>\nAls Gruppe \u00fcbernehmen wir gesellschaftspolitisch Verantwortung um mehr zu erzielen als die Verwirklichung individueller Wohntr\u00e4ume. Wir lehnen Spekulation mit Wohnraum ab und m\u00f6chten mit dem Projekt 1\/10\/100 dazu beitragen, langfristig g\u00fcnstigen Wohnraum in der Stadt zu schaffen. Das Haus, das wir errichten, ist unverk\u00e4uflich und wird im Jahr 2100 mit dem Verein als Mieter von der Stadt Wien \u00fcbernommen.<br \/>\nWir verstehen uns als Solidargemeinschaft, die Synergien mit der Umgebung eingeht und gemeinsam mit der Nachbarschaft das Alltagsleben vor Ort pr\u00e4gt.<\/p>\n","protected":false},"excerpt":{"rendered":"<p>Kontakt Adresse: H\u00fctteldorfer Str. 273, Felbigergasse 102, 1140 Wien Website: www.livingforfuture.org Email: info@livingforfuture.org Hintergrund LIVING FOR FUTURE hat sich zum Ziel gesetzt, Wohnen als aktive T\u00e4tigkeit zu praktizieren und gemeinsam neue Formen des Zusammenlebens zu entwickeln. Durch eine klimagerechte Bauweise und ein bewusstes Wohnverhalten, das sich an die Jahreszeiten anpasst, m\u00f6chten wir einen nachhaltigen Beitrag [&hellip;]<\/p>\n","protected":false},"author":1,"featured_media":0,"parent":0,"menu_order":0,"comment_status":"closed","ping_status":"closed","template":"","meta":{"ngg_post_thumbnail":0,"footnotes":""},"_links":{"self":[{"href":"https:\/\/habitat.servus.at\/index.php?rest_route=\/wp\/v2\/pages\/1649"}],"collection":[{"href":"https:\/\/habitat.servus.at\/index.php?rest_route=\/wp\/v2\/pages"}],"about":[{"href":"https:\/\/habitat.servus.at\/index.php?rest_route=\/wp\/v2\/types\/page"}],"author":[{"embeddable":true,"href":"https:\/\/habitat.servus.at\/index.php?rest_route=\/wp\/v2\/users\/1"}],"replies":[{"embeddable":true,"href":"https:\/\/habitat.servus.at\/index.php?rest_route=%2Fwp%2Fv2%2Fcomments&post=1649"}],"version-history":[{"count":3,"href":"https:\/\/habitat.servus.at\/index.php?rest_route=\/wp\/v2\/pages\/1649\/revisions"}],"predecessor-version":[{"id":1942,"href":"https:\/\/habitat.servus.at\/index.php?rest_route=\/wp\/v2\/pages\/1649\/revisions\/1942"}],"wp:attachment":[{"href":"https:\/\/habitat.servus.at\/index.php?rest_route=%2Fwp%2Fv2%2Fmedia&parent=1649"}],"curies":[{"name":"wp","href":"https:\/\/api.w.org\/{rel}","templated":true}]}}